{"id":1119,"date":"2019-04-01T16:59:29","date_gmt":"2019-04-01T14:59:29","guid":{"rendered":"https:\/\/mif-sl.com\/politica-privacidad\/"},"modified":"2019-09-03T15:28:48","modified_gmt":"2019-09-03T13:28:48","slug":"polityka-prywatnosci","status":"publish","type":"page","link":"https:\/\/mif-sl.com\/pl\/polityka-prywatnosci\/","title":{"rendered":""},"content":{"rendered":"<div class=\"vce-row-container\"><div class=\"vce-row vce-element--has-background vce-row--col-gap-30 vce-row-columns--top vce-row-content--top\" data-vce-full-width=\"true\" id=\"el-b998c42d\" data-vce-do-apply=\"all el-b998c42d\"><div class=\"vce-content-background-container\"><\/div><div class=\"vce-row-content\" data-vce-element-content=\"true\" style=\"padding-left: 80.5px; padding-right: 80.5px;\"><div class=\"vce-col vce-col--md-auto vce-col--xs-1 vce-col--xs-last vce-col--xs-first vce-col--sm-last vce-col--sm-first vce-col--md-last vce-col--lg-last vce-col--xl-last vce-col--md-first vce-col--lg-first vce-col--xl-first\" id=\"el-0177b571\"><div class=\"vce-col-inner\" data-vce-do-apply=\"border margin background  el-0177b571\"><div class=\"vce-col-content\" data-vce-element-content=\"true\" data-vce-do-apply=\"padding el-0177b571\"><div class=\"vce-text-block\"><div class=\"vce-text-block-wrapper vce\" id=\"el-11887a76\" data-vce-do-apply=\"all el-11887a76\"><h1>Pol\u00edtica de privacidad<\/h1><h3>\u00a0<\/h3><h3>\u00a0<\/h3><\/div><\/div><\/div><\/div><\/div><\/div><\/div><\/div>\n","protected":false},"excerpt":{"rendered":"<p>Pol\u00edtica de privacidad\u00a0\u00a0<\/p>\n","protected":false},"author":1,"featured_media":0,"parent":0,"menu_order":0,"comment_status":"closed","ping_status":"open","template":"","meta":{"footnotes":""},"class_list":["post-1119","page","type-page","status-publish","hentry"],"yoast_head":"<!-- This site is optimized with the Yoast SEO plugin v23.6 - https:\/\/yoast.com\/wordpress\/plugins\/seo\/ -->\n<title>Pol\u00edtica de Privacidad | Maquinaria Industrial Farr\u00e9s<\/title>\n<meta name=\"description\" content=\"Pol\u00edtica de Privacidad de Maquinaria Industrial Farr\u00e9s, MIF.\" \/>\n<meta name=\"robots\" content=\"noindex, follow\" \/>\n<meta property=\"og:locale\" content=\"pl_PL\" \/>\n<meta property=\"og:type\" content=\"article\" \/>\n<meta property=\"og:title\" content=\"Pol\u00edtica de Privacidad | Maquinaria Industrial Farr\u00e9s\" \/>\n<meta property=\"og:description\" content=\"Pol\u00edtica de Privacidad de Maquinaria Industrial Farr\u00e9s, MIF.\" \/>\n<meta property=\"og:url\" content=\"https:\/\/mif-sl.com\/pl\/polityka-prywatnosci\/\" \/>\n<meta property=\"og:site_name\" content=\"MIF\" \/>\n<meta property=\"article:modified_time\" content=\"2019-09-03T13:28:48+00:00\" \/>\n<meta name=\"twitter:card\" content=\"summary_large_image\" \/>\n<script type=\"application\/ld+json\" class=\"yoast-schema-graph\">{\"@context\":\"https:\/\/schema.org\",\"@graph\":[{\"@type\":\"WebPage\",\"@id\":\"https:\/\/mif-sl.com\/pl\/polityka-prywatnosci\/\",\"url\":\"https:\/\/mif-sl.com\/pl\/polityka-prywatnosci\/\",\"name\":\"Pol\u00edtica de Privacidad | Maquinaria Industrial Farr\u00e9s\",\"isPartOf\":{\"@id\":\"https:\/\/mif-sl.com\/pl\/#website\"},\"datePublished\":\"2019-04-01T14:59:29+00:00\",\"dateModified\":\"2019-09-03T13:28:48+00:00\",\"description\":\"Pol\u00edtica de Privacidad de Maquinaria Industrial Farr\u00e9s, MIF.\",\"breadcrumb\":{\"@id\":\"https:\/\/mif-sl.com\/pl\/polityka-prywatnosci\/#breadcrumb\"},\"inLanguage\":\"pl-PL\",\"potentialAction\":[{\"@type\":\"ReadAction\",\"target\":[\"https:\/\/mif-sl.com\/pl\/polityka-prywatnosci\/\"]}]},{\"@type\":\"BreadcrumbList\",\"@id\":\"https:\/\/mif-sl.com\/pl\/polityka-prywatnosci\/#breadcrumb\",\"itemListElement\":[{\"@type\":\"ListItem\",\"position\":1,\"name\":\"Portada\",\"item\":\"https:\/\/mif-sl.com\/pl\/\"},{\"@type\":\"ListItem\",\"position\":2,\"name\":\"Polityka prywatno\u015bci\"}]},{\"@type\":\"WebSite\",\"@id\":\"https:\/\/mif-sl.com\/pl\/#website\",\"url\":\"https:\/\/mif-sl.com\/pl\/\",\"name\":\"MIF\",\"description\":\"Maquinaria industrial para el sector de la alimentaci\u00f3n\",\"publisher\":{\"@id\":\"https:\/\/mif-sl.com\/pl\/#organization\"},\"potentialAction\":[{\"@type\":\"SearchAction\",\"target\":{\"@type\":\"EntryPoint\",\"urlTemplate\":\"https:\/\/mif-sl.com\/pl\/?s={search_term_string}\"},\"query-input\":{\"@type\":\"PropertyValueSpecification\",\"valueRequired\":true,\"valueName\":\"search_term_string\"}}],\"inLanguage\":\"pl-PL\"},{\"@type\":\"Organization\",\"@id\":\"https:\/\/mif-sl.com\/pl\/#organization\",\"name\":\"MIF\",\"url\":\"https:\/\/mif-sl.com\/pl\/\",\"logo\":{\"@type\":\"ImageObject\",\"inLanguage\":\"pl-PL\",\"@id\":\"https:\/\/mif-sl.com\/pl\/#\/schema\/logo\/image\/\",\"url\":\"https:\/\/mif-sl.com\/wp\/wp-content\/uploads\/2019\/04\/logo-mif-2x.png\",\"contentUrl\":\"https:\/\/mif-sl.com\/wp\/wp-content\/uploads\/2019\/04\/logo-mif-2x.png\",\"width\":200,\"height\":52,\"caption\":\"MIF\"},\"image\":{\"@id\":\"https:\/\/mif-sl.com\/pl\/#\/schema\/logo\/image\/\"}}]}<\/script>\n<!-- \/ Yoast SEO plugin. -->","yoast_head_json":{"title":"Pol\u00edtica de Privacidad | Maquinaria Industrial Farr\u00e9s","description":"Pol\u00edtica de Privacidad de Maquinaria Industrial Farr\u00e9s, MIF.","robots":{"index":"noindex","follow":"follow"},"og_locale":"pl_PL","og_type":"article","og_title":"Pol\u00edtica de Privacidad | Maquinaria Industrial Farr\u00e9s","og_description":"Pol\u00edtica de Privacidad de Maquinaria Industrial Farr\u00e9s, MIF.","og_url":"https:\/\/mif-sl.com\/pl\/polityka-prywatnosci\/","og_site_name":"MIF","article_modified_time":"2019-09-03T13:28:48+00:00","twitter_card":"summary_large_image","schema":{"@context":"https:\/\/schema.org","@graph":[{"@type":"WebPage","@id":"https:\/\/mif-sl.com\/pl\/polityka-prywatnosci\/","url":"https:\/\/mif-sl.com\/pl\/polityka-prywatnosci\/","name":"Pol\u00edtica de Privacidad | Maquinaria Industrial Farr\u00e9s","isPartOf":{"@id":"https:\/\/mif-sl.com\/pl\/#website"},"datePublished":"2019-04-01T14:59:29+00:00","dateModified":"2019-09-03T13:28:48+00:00","description":"Pol\u00edtica de Privacidad de Maquinaria Industrial Farr\u00e9s, MIF.","breadcrumb":{"@id":"https:\/\/mif-sl.com\/pl\/polityka-prywatnosci\/#breadcrumb"},"inLanguage":"pl-PL","potentialAction":[{"@type":"ReadAction","target":["https:\/\/mif-sl.com\/pl\/polityka-prywatnosci\/"]}]},{"@type":"BreadcrumbList","@id":"https:\/\/mif-sl.com\/pl\/polityka-prywatnosci\/#breadcrumb","itemListElement":[{"@type":"ListItem","position":1,"name":"Portada","item":"https:\/\/mif-sl.com\/pl\/"},{"@type":"ListItem","position":2,"name":"Polityka prywatno\u015bci"}]},{"@type":"WebSite","@id":"https:\/\/mif-sl.com\/pl\/#website","url":"https:\/\/mif-sl.com\/pl\/","name":"MIF","description":"Maquinaria industrial para el sector de la alimentaci\u00f3n","publisher":{"@id":"https:\/\/mif-sl.com\/pl\/#organization"},"potentialAction":[{"@type":"SearchAction","target":{"@type":"EntryPoint","urlTemplate":"https:\/\/mif-sl.com\/pl\/?s={search_term_string}"},"query-input":{"@type":"PropertyValueSpecification","valueRequired":true,"valueName":"search_term_string"}}],"inLanguage":"pl-PL"},{"@type":"Organization","@id":"https:\/\/mif-sl.com\/pl\/#organization","name":"MIF","url":"https:\/\/mif-sl.com\/pl\/","logo":{"@type":"ImageObject","inLanguage":"pl-PL","@id":"https:\/\/mif-sl.com\/pl\/#\/schema\/logo\/image\/","url":"https:\/\/mif-sl.com\/wp\/wp-content\/uploads\/2019\/04\/logo-mif-2x.png","contentUrl":"https:\/\/mif-sl.com\/wp\/wp-content\/uploads\/2019\/04\/logo-mif-2x.png","width":200,"height":52,"caption":"MIF"},"image":{"@id":"https:\/\/mif-sl.com\/pl\/#\/schema\/logo\/image\/"}}]}},"_links":{"self":[{"href":"https:\/\/mif-sl.com\/pl\/wp-json\/wp\/v2\/pages\/1119"}],"collection":[{"href":"https:\/\/mif-sl.com\/pl\/wp-json\/wp\/v2\/pages"}],"about":[{"href":"https:\/\/mif-sl.com\/pl\/wp-json\/wp\/v2\/types\/page"}],"author":[{"embeddable":true,"href":"https:\/\/mif-sl.com\/pl\/wp-json\/wp\/v2\/users\/1"}],"replies":[{"embeddable":true,"href":"https:\/\/mif-sl.com\/pl\/wp-json\/wp\/v2\/comments?post=1119"}],"version-history":[{"count":2,"href":"https:\/\/mif-sl.com\/pl\/wp-json\/wp\/v2\/pages\/1119\/revisions"}],"predecessor-version":[{"id":1318,"href":"https:\/\/mif-sl.com\/pl\/wp-json\/wp\/v2\/pages\/1119\/revisions\/1318"}],"wp:attachment":[{"href":"https:\/\/mif-sl.com\/pl\/wp-json\/wp\/v2\/media?parent=1119"}],"curies":[{"name":"wp","href":"https:\/\/api.w.org\/{rel}","templated":true}]}}

<div class="vce-row-container"><div class="vce-row vce-element--has-background vce-row--col-gap-30 vce-row-columns--top vce-row-content--top" data-vce-full-width="true" id="el-b998c42d" data-vce-do-apply="all el-b998c42d"><div class="vce-content-background-container"></div><div class="vce-row-content" data-vce-element-content="true" style="padding-left: 80.5px; padding-right: 80.5px;"><div class="vce-col vce-col--md-auto vce-col--xs-1 vce-col--xs-last vce-col--xs-first vce-col--sm-last vce-col--sm-first vce-col--md-last vce-col--lg-last vce-col--xl-last vce-col--md-first vce-col--lg-first vce-col--xl-first" id="el-0177b571"><div class="vce-col-inner" data-vce-do-apply="border margin background  el-0177b571"><div class="vce-col-content" data-vce-element-content="true" data-vce-do-apply="padding el-0177b571"><div class="vce-text-block"><div class="vce-text-block-wrapper vce" id="el-11887a76" data-vce-do-apply="all el-11887a76"><h1>Política de privacidad</h1><h3> </h3><h3> </h3></div></div></div></div></div></div></div></div>

<p>Política de privacidad  </p>

<!-- This site is optimized with the Yoast SEO plugin v23.6 - https://yoast.com/wordpress/plugins/seo/ -->
<title>Política de Privacidad | Maquinaria Industrial Farrés</title>
<meta name="description" content="Política de Privacidad de Maquinaria Industrial Farrés, MIF." />
<meta name="robots" content="noindex, follow" />
<meta property="og:locale" content="pl_PL" />
<meta property="og:type" content="article" />
<meta property="og:title" content="Política de Privacidad | Maquinaria Industrial Farrés" />
<meta property="og:description" content="Política de Privacidad de Maquinaria Industrial Farrés, MIF." />
<meta property="og:url" content="https://mif-sl.com/pl/polityka-prywatnosci/" />
<meta property="og:site_name" content="MIF" />
<meta property="article:modified_time" content="2019-09-03T13:28:48+00:00" />
<meta name="twitter:card" content="summary_large_image" />
<script type="application/ld+json" class="yoast-schema-graph">{"@context":"https://schema.org","@graph":[{"@type":"WebPage","@id":"https://mif-sl.com/pl/polityka-prywatnosci/","url":"https://mif-sl.com/pl/polityka-prywatnosci/","name":"Política de Privacidad | Maquinaria Industrial Farrés","isPartOf":{"@id":"https://mif-sl.com/pl/#website"},"datePublished":"2019-04-01T14:59:29+00:00","dateModified":"2019-09-03T13:28:48+00:00","description":"Política de Privacidad de Maquinaria Industrial Farrés, MIF.","breadcrumb":{"@id":"https://mif-sl.com/pl/polityka-prywatnosci/#breadcrumb"},"inLanguage":"pl-PL","potentialAction":[{"@type":"ReadAction","target":["https://mif-sl.com/pl/polityka-prywatnosci/"]}]},{"@type":"BreadcrumbList","@id":"https://mif-sl.com/pl/polityka-prywatnosci/#breadcrumb","itemListElement":[{"@type":"ListItem","position":1,"name":"Portada","item":"https://mif-sl.com/pl/"},{"@type":"ListItem","position":2,"name":"Polityka prywatności"}]},{"@type":"WebSite","@id":"https://mif-sl.com/pl/#website","url":"https://mif-sl.com/pl/","name":"MIF","description":"Maquinaria industrial para el sector de la alimentación","publisher":{"@id":"https://mif-sl.com/pl/#organization"},"potentialAction":[{"@type":"SearchAction","target":{"@type":"EntryPoint","urlTemplate":"https://mif-sl.com/pl/?s={search_term_string}"},"query-input":{"@type":"PropertyValueSpecification","valueRequired":true,"valueName":"search_term_string"}}],"inLanguage":"pl-PL"},{"@type":"Organization","@id":"https://mif-sl.com/pl/#organization","name":"MIF","url":"https://mif-sl.com/pl/","logo":{"@type":"ImageObject","inLanguage":"pl-PL","@id":"https://mif-sl.com/pl/#/schema/logo/image/","url":"https://mif-sl.com/wp/wp-content/uploads/2019/04/logo-mif-2x.png","contentUrl":"https://mif-sl.com/wp/wp-content/uploads/2019/04/logo-mif-2x.png","width":200,"height":52,"caption":"MIF"},"image":{"@id":"https://mif-sl.com/pl/#/schema/logo/image/"}}]}</script>
<!-- / Yoast SEO plugin. -->

Política de Privacidad | Maquinaria Industrial Farrés

Política de Privacidad de Maquinaria Industrial Farrés, MIF.

Polityka prywatności

Maquinaria industrial para el sector de la alimentación
